{"id":517,"date":"2023-11-17T15:20:53","date_gmt":"2023-11-17T18:20:53","guid":{"rendered":"https:\/\/amghs.com.br\/portfolio\/?page_id=517"},"modified":"2023-11-29T15:13:18","modified_gmt":"2023-11-29T18:13:18","slug":"amghs-branding-prost","status":"publish","type":"page","link":"https:\/\/amghs.com.br\/portfolio\/amghs-branding-prost\/","title":{"rendered":"AMGHs \u2013 Branding \u2013 Prost"},"content":{"rendered":"\t\t<div data-elementor-type=\"wp-page\" data-elementor-id=\"517\" class=\"elementor elementor-517\">\n\t\t\t\t<div class=\"elementor-element elementor-element-64e631d e-flex e-con-boxed e-con e-parent\" data-id=\"64e631d\" data-element_type=\"container\">\n\t\t\t\t\t<div class=\"e-con-inner\">\n\t\t<div class=\"elementor-element elementor-element-2c159c2 e-con-full e-flex e-con e-child\" data-id=\"2c159c2\" data-element_type=\"container\">\n\t\t\t\t<\/div>\n\t\t<div class=\"elementor-element elementor-element-42dae61 e-con-full e-flex e-con e-child\" data-id=\"42dae61\" data-element_type=\"container\">\n\t\t\t\t<div class=\"elementor-element elementor-element-81f2f1a elementor-widget elementor-widget-image\" data-id=\"81f2f1a\" data-element_type=\"widget\" data-widget_type=\"image.default\">\n\t\t\t\t<div class=\"elementor-widget-container\">\n\t\t\t\t\t\t\t\t\t\t\t\t\t\t\t<img decoding=\"async\" src=\"https:\/\/amghs.com.br\/portfolio\/wp-content\/uploads\/elementor\/thumbs\/amghs-icon-purple-qf0in4co5ynmq49xina09ljlx4yjz3buv7vyduxm2o.png\" title=\"amghs-icon-purple\" alt=\"amghs-icon-purple\" loading=\"lazy\" \/>\t\t\t\t\t\t\t\t\t\t\t\t\t\t\t<\/div>\n\t\t\t\t<\/div>\n\t\t\t\t<\/div>\n\t\t<div class=\"elementor-element elementor-element-0334b87 e-con-full e-flex e-con e-child\" data-id=\"0334b87\" data-element_type=\"container\">\n\t\t\t\t<\/div>\n\t\t\t\t\t<\/div>\n\t\t\t\t<\/div>\n\t\t<div class=\"elementor-element elementor-element-d59db8f e-flex e-con-boxed e-con e-parent\" data-id=\"d59db8f\" data-element_type=\"container\">\n\t\t\t\t\t<div class=\"e-con-inner\">\n\t\t\t\t<div class=\"elementor-element elementor-element-b606d6f elementor-widget elementor-widget-image\" data-id=\"b606d6f\" data-element_type=\"widget\" data-widget_type=\"image.default\">\n\t\t\t\t<div class=\"elementor-widget-container\">\n\t\t\t\t\t\t\t\t\t\t\t\t\t\t\t<img fetchpriority=\"high\" decoding=\"async\" width=\"1920\" height=\"1140\" src=\"https:\/\/amghs.com.br\/portfolio\/wp-content\/uploads\/2023\/11\/amghs-branding-prost-1-1.jpg\" class=\"attachment-full size-full wp-image-542\" alt=\"\" srcset=\"https:\/\/amghs.com.br\/portfolio\/wp-content\/uploads\/2023\/11\/amghs-branding-prost-1-1.jpg 1920w, https:\/\/amghs.com.br\/portfolio\/wp-content\/uploads\/2023\/11\/amghs-branding-prost-1-1-300x178.jpg 300w, https:\/\/amghs.com.br\/portfolio\/wp-content\/uploads\/2023\/11\/amghs-branding-prost-1-1-1024x608.jpg 1024w, https:\/\/amghs.com.br\/portfolio\/wp-content\/uploads\/2023\/11\/amghs-branding-prost-1-1-768x456.jpg 768w, https:\/\/amghs.com.br\/portfolio\/wp-content\/uploads\/2023\/11\/amghs-branding-prost-1-1-1536x912.jpg 1536w\" sizes=\"(max-width: 1920px) 100vw, 1920px\" \/>\t\t\t\t\t\t\t\t\t\t\t\t\t\t\t<\/div>\n\t\t\t\t<\/div>\n\t\t\t\t<div class=\"elementor-element elementor-element-124fa00 elementor-hidden-desktop elementor-widget elementor-widget-heading\" data-id=\"124fa00\" data-element_type=\"widget\" data-widget_type=\"heading.default\">\n\t\t\t\t<div class=\"elementor-widget-container\">\n\t\t\t\t\t<h5 class=\"elementor-heading-title elementor-size-default\">*recomendo a visualiza\u00e7\u00e3o em deskop<\/h5>\t\t\t\t<\/div>\n\t\t\t\t<\/div>\n\t\t\t\t\t<\/div>\n\t\t\t\t<\/div>\n\t\t<div class=\"elementor-element elementor-element-ddae46e e-flex e-con-boxed e-con e-parent\" data-id=\"ddae46e\" data-element_type=\"container\">\n\t\t\t\t\t<div class=\"e-con-inner\">\n\t\t\t\t<div class=\"elementor-element elementor-element-5c899c7 elementor-widget elementor-widget-spacer\" data-id=\"5c899c7\" data-element_type=\"widget\" data-widget_type=\"spacer.default\">\n\t\t\t\t<div class=\"elementor-widget-container\">\n\t\t\t\t\t\t\t<div class=\"elementor-spacer\">\n\t\t\t<div class=\"elementor-spacer-inner\"><\/div>\n\t\t<\/div>\n\t\t\t\t\t\t<\/div>\n\t\t\t\t<\/div>\n\t\t\t\t\t<\/div>\n\t\t\t\t<\/div>\n\t\t<div class=\"elementor-element elementor-element-6a78ed6 e-flex e-con-boxed e-con e-parent\" data-id=\"6a78ed6\" data-element_type=\"container\">\n\t\t\t\t\t<div class=\"e-con-inner\">\n\t\t<div class=\"elementor-element elementor-element-fc86913 e-con-full e-flex e-con e-child\" data-id=\"fc86913\" data-element_type=\"container\">\n\t\t\t\t<div class=\"elementor-element elementor-element-0307291 elementor-widget elementor-widget-text-editor\" data-id=\"0307291\" data-element_type=\"widget\" data-widget_type=\"text-editor.default\">\n\t\t\t\t<div class=\"elementor-widget-container\">\n\t\t\t\t\t\t\t\t\t<p>A Prost, Blindados e Importados \u00e9 muito mais do que uma simples concession\u00e1ria de carros de luxo. \u00c9 um espa\u00e7o onde a exclusividade se encontra com a seguran\u00e7a, proporcionando uma experi\u00eancia \u00fanica para aqueles que buscam autom\u00f3veis que transcendem os padr\u00f5es convencionais.<\/p><p>A cria\u00e7\u00e3o do logotipo da Prost,\u00a0 foi um processo desafiador e inspirador, onde cada elemento foi cuidadosamente escolhido para transmitir a ess\u00eancia \u00fanica da marca.<\/p><p>Estudei as possibilidades e optei pela fus\u00e3o entre velocidade e eleg\u00e2ncia, caracter\u00edsticas intr\u00ednsecas aos ve\u00edculos de luxo. As linhas din\u00e2micas e fluidas do logotipo foram escolhidas para evocar a sensa\u00e7\u00e3o de movimento, refletindo a experi\u00eancia emocionante de dirigir um carro de alto desempenho. Ao final cheguei em uma composi\u00e7\u00e3o visual que transmite uma est\u00e9tica contempor\u00e2nea e sofisticada.<\/p>\t\t\t\t\t\t\t\t<\/div>\n\t\t\t\t<\/div>\n\t\t\t\t<\/div>\n\t\t<div class=\"elementor-element elementor-element-5b9a9f9 e-con-full e-flex e-con e-child\" data-id=\"5b9a9f9\" data-element_type=\"container\">\n\t\t\t\t<div class=\"elementor-element elementor-element-58ab9fd elementor-widget elementor-widget-text-editor\" data-id=\"58ab9fd\" data-element_type=\"widget\" data-widget_type=\"text-editor.default\">\n\t\t\t\t<div class=\"elementor-widget-container\">\n\t\t\t\t\t\t\t\t\t<p>A escolha das cores desempenhou um papel crucial no processo criativo. O amarelo vibrante foi selecionado para representar a energia e a paix\u00e3o associadas aos ve\u00edculos exclusivos da Prost. Essa cor audaciosa simboliza a singularidade e o dinamismo que os clientes podem esperar ao escolher um carro na concession\u00e1ria. Em contraste, o preto foi incorporado para transmitir sofistica\u00e7\u00e3o, for\u00e7a e, especialmente, a seguran\u00e7a oferecida pelos carros blindados.<\/p><p>A combina\u00e7\u00e3o estrat\u00e9gica dessas cores criou um contraste forte e s\u00f3lido, refor\u00e7ando a presen\u00e7a imponente do logotipo. A escolha meticulosa das cores n\u00e3o apenas proporciona uma est\u00e9tica visualmente impactante, mas tamb\u00e9m comunica a promessa da Prost de oferecer autom\u00f3veis excepcionais que unem emo\u00e7\u00e3o e seguran\u00e7a.<\/p><p><span style=\"color: #cc99ff;\"><a style=\"color: #cc99ff;\" href=\"#\">#branding #logo #marca #amghs<\/a><\/span><\/p>\t\t\t\t\t\t\t\t<\/div>\n\t\t\t\t<\/div>\n\t\t\t\t<\/div>\n\t\t\t\t\t<\/div>\n\t\t\t\t<\/div>\n\t\t<div class=\"elementor-element elementor-element-55dcf6e e-flex e-con-boxed e-con e-parent\" data-id=\"55dcf6e\" data-element_type=\"container\">\n\t\t\t\t\t<div class=\"e-con-inner\">\n\t\t\t\t<div class=\"elementor-element elementor-element-8588473 elementor-widget elementor-widget-spacer\" data-id=\"8588473\" data-element_type=\"widget\" data-widget_type=\"spacer.default\">\n\t\t\t\t<div class=\"elementor-widget-container\">\n\t\t\t\t\t\t\t<div class=\"elementor-spacer\">\n\t\t\t<div class=\"elementor-spacer-inner\"><\/div>\n\t\t<\/div>\n\t\t\t\t\t\t<\/div>\n\t\t\t\t<\/div>\n\t\t\t\t<div class=\"elementor-element elementor-element-6b550f1 elementor-widget elementor-widget-heading\" data-id=\"6b550f1\" data-element_type=\"widget\" data-widget_type=\"heading.default\">\n\t\t\t\t<div class=\"elementor-widget-container\">\n\t\t\t\t\t<h2 class=\"elementor-heading-title elementor-size-default\">Manual de identidade visual<\/h2>\t\t\t\t<\/div>\n\t\t\t\t<\/div>\n\t\t\t\t\t<\/div>\n\t\t\t\t<\/div>\n\t\t<div class=\"elementor-element elementor-element-9178d11 e-flex e-con-boxed e-con e-parent\" data-id=\"9178d11\" data-element_type=\"container\">\n\t\t\t\t\t<div class=\"e-con-inner\">\n\t\t\t\t<div class=\"elementor-element elementor-element-8a8723f elementor-widget elementor-widget-image\" data-id=\"8a8723f\" data-element_type=\"widget\" data-widget_type=\"image.default\">\n\t\t\t\t<div class=\"elementor-widget-container\">\n\t\t\t\t\t\t\t\t\t\t\t\t\t\t\t<img decoding=\"async\" width=\"1920\" height=\"1080\" src=\"https:\/\/amghs.com.br\/portfolio\/wp-content\/uploads\/2023\/11\/amghs-branding-prost-7.jpg\" class=\"attachment-full size-full wp-image-601\" alt=\"\" srcset=\"https:\/\/amghs.com.br\/portfolio\/wp-content\/uploads\/2023\/11\/amghs-branding-prost-7.jpg 1920w, https:\/\/amghs.com.br\/portfolio\/wp-content\/uploads\/2023\/11\/amghs-branding-prost-7-300x169.jpg 300w, https:\/\/amghs.com.br\/portfolio\/wp-content\/uploads\/2023\/11\/amghs-branding-prost-7-1024x576.jpg 1024w, https:\/\/amghs.com.br\/portfolio\/wp-content\/uploads\/2023\/11\/amghs-branding-prost-7-768x432.jpg 768w, https:\/\/amghs.com.br\/portfolio\/wp-content\/uploads\/2023\/11\/amghs-branding-prost-7-1536x864.jpg 1536w\" sizes=\"(max-width: 1920px) 100vw, 1920px\" \/>\t\t\t\t\t\t\t\t\t\t\t\t\t\t\t<\/div>\n\t\t\t\t<\/div>\n\t\t\t\t\t<\/div>\n\t\t\t\t<\/div>\n\t\t<div class=\"elementor-element elementor-element-21d64f8 e-flex e-con-boxed e-con e-parent\" data-id=\"21d64f8\" data-element_type=\"container\">\n\t\t\t\t\t<div class=\"e-con-inner\">\n\t\t\t\t<div class=\"elementor-element elementor-element-9df176d elementor-widget elementor-widget-spacer\" data-id=\"9df176d\" data-element_type=\"widget\" data-widget_type=\"spacer.default\">\n\t\t\t\t<div class=\"elementor-widget-container\">\n\t\t\t\t\t\t\t<div class=\"elementor-spacer\">\n\t\t\t<div class=\"elementor-spacer-inner\"><\/div>\n\t\t<\/div>\n\t\t\t\t\t\t<\/div>\n\t\t\t\t<\/div>\n\t\t\t\t\t<\/div>\n\t\t\t\t<\/div>\n\t\t<div class=\"elementor-element elementor-element-83dd02f e-flex e-con-boxed e-con e-parent\" data-id=\"83dd02f\" data-element_type=\"container\">\n\t\t\t\t\t<div class=\"e-con-inner\">\n\t\t<div class=\"elementor-element elementor-element-2e7c456 e-con-full e-flex e-con e-child\" data-id=\"2e7c456\" data-element_type=\"container\">\n\t\t\t\t<div class=\"elementor-element elementor-element-0e81fa9 elementor-widget elementor-widget-heading\" data-id=\"0e81fa9\" data-element_type=\"widget\" data-widget_type=\"heading.default\">\n\t\t\t\t<div class=\"elementor-widget-container\">\n\t\t\t\t\t<h2 class=\"elementor-heading-title elementor-size-default\">Aplica\u00e7\u00f5es<\/h2>\t\t\t\t<\/div>\n\t\t\t\t<\/div>\n\t\t\t\t<\/div>\n\t\t\t\t\t<\/div>\n\t\t\t\t<\/div>\n\t\t<div class=\"elementor-element elementor-element-b724427 e-flex e-con-boxed e-con e-parent\" data-id=\"b724427\" data-element_type=\"container\">\n\t\t\t\t\t<div class=\"e-con-inner\">\n\t\t\t\t<div class=\"elementor-element elementor-element-29a17ea elementor-widget elementor-widget-image\" data-id=\"29a17ea\" data-element_type=\"widget\" data-widget_type=\"image.default\">\n\t\t\t\t<div class=\"elementor-widget-container\">\n\t\t\t\t\t\t\t\t\t\t\t\t\t\t\t<img decoding=\"async\" width=\"1600\" height=\"900\" src=\"https:\/\/amghs.com.br\/portfolio\/wp-content\/uploads\/2023\/11\/amghs-branding-prost-3.png\" class=\"attachment-full size-full wp-image-553\" alt=\"\" srcset=\"https:\/\/amghs.com.br\/portfolio\/wp-content\/uploads\/2023\/11\/amghs-branding-prost-3.png 1600w, https:\/\/amghs.com.br\/portfolio\/wp-content\/uploads\/2023\/11\/amghs-branding-prost-3-300x169.png 300w, https:\/\/amghs.com.br\/portfolio\/wp-content\/uploads\/2023\/11\/amghs-branding-prost-3-1024x576.png 1024w, https:\/\/amghs.com.br\/portfolio\/wp-content\/uploads\/2023\/11\/amghs-branding-prost-3-768x432.png 768w, https:\/\/amghs.com.br\/portfolio\/wp-content\/uploads\/2023\/11\/amghs-branding-prost-3-1536x864.png 1536w\" sizes=\"(max-width: 1600px) 100vw, 1600px\" \/>\t\t\t\t\t\t\t\t\t\t\t\t\t\t\t<\/div>\n\t\t\t\t<\/div>\n\t\t\t\t\t<\/div>\n\t\t\t\t<\/div>\n\t\t<div class=\"elementor-element elementor-element-0e99ded e-flex e-con-boxed e-con e-parent\" data-id=\"0e99ded\" data-element_type=\"container\">\n\t\t\t\t\t<div class=\"e-con-inner\">\n\t\t\t\t<div class=\"elementor-element elementor-element-df3b524 elementor-widget elementor-widget-spacer\" data-id=\"df3b524\" data-element_type=\"widget\" data-widget_type=\"spacer.default\">\n\t\t\t\t<div class=\"elementor-widget-container\">\n\t\t\t\t\t\t\t<div class=\"elementor-spacer\">\n\t\t\t<div class=\"elementor-spacer-inner\"><\/div>\n\t\t<\/div>\n\t\t\t\t\t\t<\/div>\n\t\t\t\t<\/div>\n\t\t\t\t\t<\/div>\n\t\t\t\t<\/div>\n\t\t<div class=\"elementor-element elementor-element-d675fab e-flex e-con-boxed e-con e-parent\" data-id=\"d675fab\" data-element_type=\"container\">\n\t\t\t\t\t<div class=\"e-con-inner\">\n\t\t\t\t<div class=\"elementor-element elementor-element-56e08c8 elementor-widget elementor-widget-image\" data-id=\"56e08c8\" data-element_type=\"widget\" data-widget_type=\"image.default\">\n\t\t\t\t<div class=\"elementor-widget-container\">\n\t\t\t\t\t\t\t\t\t\t\t\t\t\t\t<img loading=\"lazy\" decoding=\"async\" width=\"1799\" height=\"1080\" src=\"https:\/\/amghs.com.br\/portfolio\/wp-content\/uploads\/2023\/11\/amghs-branding-prost-4.jpg\" class=\"attachment-full size-full wp-image-554\" alt=\"\" srcset=\"https:\/\/amghs.com.br\/portfolio\/wp-content\/uploads\/2023\/11\/amghs-branding-prost-4.jpg 1799w, https:\/\/amghs.com.br\/portfolio\/wp-content\/uploads\/2023\/11\/amghs-branding-prost-4-300x180.jpg 300w, https:\/\/amghs.com.br\/portfolio\/wp-content\/uploads\/2023\/11\/amghs-branding-prost-4-1024x615.jpg 1024w, https:\/\/amghs.com.br\/portfolio\/wp-content\/uploads\/2023\/11\/amghs-branding-prost-4-768x461.jpg 768w, https:\/\/amghs.com.br\/portfolio\/wp-content\/uploads\/2023\/11\/amghs-branding-prost-4-1536x922.jpg 1536w\" sizes=\"(max-width: 1799px) 100vw, 1799px\" \/>\t\t\t\t\t\t\t\t\t\t\t\t\t\t\t<\/div>\n\t\t\t\t<\/div>\n\t\t\t\t\t<\/div>\n\t\t\t\t<\/div>\n\t\t<div class=\"elementor-element elementor-element-a679ebf e-flex e-con-boxed e-con e-parent\" data-id=\"a679ebf\" data-element_type=\"container\">\n\t\t\t\t\t<div class=\"e-con-inner\">\n\t\t\t\t<div class=\"elementor-element elementor-element-b989831 elementor-widget elementor-widget-spacer\" data-id=\"b989831\" data-element_type=\"widget\" data-widget_type=\"spacer.default\">\n\t\t\t\t<div class=\"elementor-widget-container\">\n\t\t\t\t\t\t\t<div class=\"elementor-spacer\">\n\t\t\t<div class=\"elementor-spacer-inner\"><\/div>\n\t\t<\/div>\n\t\t\t\t\t\t<\/div>\n\t\t\t\t<\/div>\n\t\t\t\t\t<\/div>\n\t\t\t\t<\/div>\n\t\t<div class=\"elementor-element elementor-element-372d163 e-flex e-con-boxed e-con e-parent\" data-id=\"372d163\" data-element_type=\"container\">\n\t\t\t\t\t<div class=\"e-con-inner\">\n\t\t\t\t<div class=\"elementor-element elementor-element-11b98d1 elementor-widget elementor-widget-image\" data-id=\"11b98d1\" data-element_type=\"widget\" data-widget_type=\"image.default\">\n\t\t\t\t<div class=\"elementor-widget-container\">\n\t\t\t\t\t\t\t\t\t\t\t\t\t\t\t<img loading=\"lazy\" decoding=\"async\" width=\"1662\" height=\"900\" src=\"https:\/\/amghs.com.br\/portfolio\/wp-content\/uploads\/2023\/11\/amghs-branding-prost-5.png\" class=\"attachment-full size-full wp-image-555\" alt=\"\" srcset=\"https:\/\/amghs.com.br\/portfolio\/wp-content\/uploads\/2023\/11\/amghs-branding-prost-5.png 1662w, https:\/\/amghs.com.br\/portfolio\/wp-content\/uploads\/2023\/11\/amghs-branding-prost-5-300x162.png 300w, https:\/\/amghs.com.br\/portfolio\/wp-content\/uploads\/2023\/11\/amghs-branding-prost-5-1024x555.png 1024w, https:\/\/amghs.com.br\/portfolio\/wp-content\/uploads\/2023\/11\/amghs-branding-prost-5-768x416.png 768w, https:\/\/amghs.com.br\/portfolio\/wp-content\/uploads\/2023\/11\/amghs-branding-prost-5-1536x832.png 1536w\" sizes=\"(max-width: 1662px) 100vw, 1662px\" \/>\t\t\t\t\t\t\t\t\t\t\t\t\t\t\t<\/div>\n\t\t\t\t<\/div>\n\t\t\t\t<div class=\"elementor-element elementor-element-4e03e4d elementor-widget elementor-widget-image\" data-id=\"4e03e4d\" data-element_type=\"widget\" data-widget_type=\"image.default\">\n\t\t\t\t<div class=\"elementor-widget-container\">\n\t\t\t\t\t\t\t\t\t\t\t\t\t\t\t<img loading=\"lazy\" decoding=\"async\" width=\"800\" height=\"566\" src=\"https:\/\/amghs.com.br\/portfolio\/wp-content\/uploads\/2023\/11\/amghs-branding-prost-6-1024x724.png\" class=\"attachment-large size-large wp-image-556\" alt=\"\" srcset=\"https:\/\/amghs.com.br\/portfolio\/wp-content\/uploads\/2023\/11\/amghs-branding-prost-6-1024x724.png 1024w, https:\/\/amghs.com.br\/portfolio\/wp-content\/uploads\/2023\/11\/amghs-branding-prost-6-300x212.png 300w, https:\/\/amghs.com.br\/portfolio\/wp-content\/uploads\/2023\/11\/amghs-branding-prost-6-768x543.png 768w, https:\/\/amghs.com.br\/portfolio\/wp-content\/uploads\/2023\/11\/amghs-branding-prost-6-1536x1086.png 1536w, https:\/\/amghs.com.br\/portfolio\/wp-content\/uploads\/2023\/11\/amghs-branding-prost-6.png 1600w\" sizes=\"(max-width: 800px) 100vw, 800px\" \/>\t\t\t\t\t\t\t\t\t\t\t\t\t\t\t<\/div>\n\t\t\t\t<\/div>\n\t\t\t\t\t<\/div>\n\t\t\t\t<\/div>\n\t\t<div class=\"elementor-element elementor-element-2a003a9 e-flex e-con-boxed e-con e-parent\" data-id=\"2a003a9\" data-element_type=\"container\">\n\t\t\t\t\t<div class=\"e-con-inner\">\n\t\t\t\t<div class=\"elementor-element elementor-element-0323598 elementor-widget elementor-widget-spacer\" data-id=\"0323598\" data-element_type=\"widget\" data-widget_type=\"spacer.default\">\n\t\t\t\t<div class=\"elementor-widget-container\">\n\t\t\t\t\t\t\t<div class=\"elementor-spacer\">\n\t\t\t<div class=\"elementor-spacer-inner\"><\/div>\n\t\t<\/div>\n\t\t\t\t\t\t<\/div>\n\t\t\t\t<\/div>\n\t\t\t\t\t<\/div>\n\t\t\t\t<\/div>\n\t\t<div class=\"elementor-element elementor-element-10f82d71 e-flex e-con-boxed e-con e-parent\" data-id=\"10f82d71\" data-element_type=\"container\">\n\t\t\t\t\t<div class=\"e-con-inner\">\n\t\t<div class=\"elementor-element elementor-element-2fb998c3 e-con-full e-flex e-con e-child\" data-id=\"2fb998c3\" data-element_type=\"container\">\n\t\t\t\t<\/div>\n\t\t<div class=\"elementor-element elementor-element-9c1df84 e-con-full e-flex e-con e-child\" data-id=\"9c1df84\" data-element_type=\"container\">\n\t\t\t\t<div class=\"elementor-element elementor-element-58b0bea3 elementor-align-center elementor-widget elementor-widget-button\" data-id=\"58b0bea3\" data-element_type=\"widget\" data-widget_type=\"button.default\">\n\t\t\t\t<div class=\"elementor-widget-container\">\n\t\t\t\t\t\t\t\t\t<div class=\"elementor-button-wrapper\">\n\t\t\t\t\t<a class=\"elementor-button elementor-button-link elementor-size-md\" href=\"https:\/\/amghs.com.br\/portfolio#branding\">\n\t\t\t\t\t\t<span class=\"elementor-button-content-wrapper\">\n\t\t\t\t\t\t<span class=\"elementor-button-icon\">\n\t\t\t\t<i aria-hidden=\"true\" class=\"fas fa-arrow-left\"><\/i>\t\t\t<\/span>\n\t\t\t\t\t\t\t\t\t<span class=\"elementor-button-text\">Retornar ao Portf\u00f3lio<\/span>\n\t\t\t\t\t<\/span>\n\t\t\t\t\t<\/a>\n\t\t\t\t<\/div>\n\t\t\t\t\t\t\t\t<\/div>\n\t\t\t\t<\/div>\n\t\t\t\t<\/div>\n\t\t<div class=\"elementor-element elementor-element-63e12d1d e-con-full e-flex e-con e-child\" data-id=\"63e12d1d\" data-element_type=\"container\">\n\t\t\t\t<\/div>\n\t\t\t\t\t<\/div>\n\t\t\t\t<\/div>\n\t\t<div class=\"elementor-element elementor-element-64f2cc7 e-flex e-con-boxed e-con e-parent\" data-id=\"64f2cc7\" data-element_type=\"container\">\n\t\t\t\t\t<div class=\"e-con-inner\">\n\t\t\t\t<div class=\"elementor-element elementor-element-a0df956 elementor-widget elementor-widget-spacer\" data-id=\"a0df956\" data-element_type=\"widget\" data-widget_type=\"spacer.default\">\n\t\t\t\t<div class=\"elementor-widget-container\">\n\t\t\t\t\t\t\t<div class=\"elementor-spacer\">\n\t\t\t<div class=\"elementor-spacer-inner\"><\/div>\n\t\t<\/div>\n\t\t\t\t\t\t<\/div>\n\t\t\t\t<\/div>\n\t\t\t\t\t<\/div>\n\t\t\t\t<\/div>\n\t\t<div class=\"elementor-element elementor-element-5cf97ff0 e-flex e-con-boxed e-con e-parent\" data-id=\"5cf97ff0\" data-element_type=\"container\">\n\t\t\t\t\t<div class=\"e-con-inner\">\n\t\t<div class=\"elementor-element elementor-element-7d5a232a e-con-full e-flex e-con e-child\" data-id=\"7d5a232a\" data-element_type=\"container\">\n\t\t\t\t<div class=\"elementor-element elementor-element-136bb1c3 elementor-widget elementor-widget-text-editor\" data-id=\"136bb1c3\" data-element_type=\"widget\" data-widget_type=\"text-editor.default\">\n\t\t\t\t<div class=\"elementor-widget-container\">\n\t\t\t\t\t\t\t\t\tAMGHs &#8211; All rights reserved\t\t\t\t\t\t\t\t<\/div>\n\t\t\t\t<\/div>\n\t\t\t\t<\/div>\n\t\t<div class=\"elementor-element elementor-element-44efdadb e-con-full e-flex e-con e-child\" data-id=\"44efdadb\" data-element_type=\"container\">\n\t\t\t\t<div class=\"elementor-element elementor-element-6ee9180b elementor-widget elementor-widget-image\" data-id=\"6ee9180b\" data-element_type=\"widget\" data-widget_type=\"image.default\">\n\t\t\t\t<div class=\"elementor-widget-container\">\n\t\t\t\t\t\t\t\t\t\t\t\t\t\t\t<img decoding=\"async\" src=\"https:\/\/amghs.com.br\/portfolio\/wp-content\/uploads\/elementor\/thumbs\/amghs-icon-white-qf0igxkx6868y39awez2ybvuufmeues32h5i4k7pc0.png\" title=\"amghs-icon-white\" alt=\"amghs-icon-white\" loading=\"lazy\" \/>\t\t\t\t\t\t\t\t\t\t\t\t\t\t\t<\/div>\n\t\t\t\t<\/div>\n\t\t\t\t<\/div>\n\t\t<div class=\"elementor-element elementor-element-6a10ccec e-con-full e-flex e-con e-child\" data-id=\"6a10ccec\" data-element_type=\"container\">\n\t\t\t\t<div class=\"elementor-element elementor-element-6759d265 elementor-widget elementor-widget-text-editor\" data-id=\"6759d265\" data-element_type=\"widget\" data-widget_type=\"text-editor.default\">\n\t\t\t\t<div class=\"elementor-widget-container\">\n\t\t\t\t\t\t\t\t\tDesign by: <a href=\"https:\/\/amghs.com.br\">AMGHs<\/a>\t\t\t\t\t\t\t\t<\/div>\n\t\t\t\t<\/div>\n\t\t\t\t<\/div>\n\t\t\t\t\t<\/div>\n\t\t\t\t<\/div>\n\t\t\t\t<\/div>\n\t\t","protected":false},"excerpt":{"rendered":"<p>*recomendo a visualiza\u00e7\u00e3o em deskop A Prost, Blindados e Importados \u00e9 muito mais do que uma simples concession\u00e1ria de carros de luxo. \u00c9 um espa\u00e7o onde a exclusividade se encontra com a seguran\u00e7a, proporcionando uma experi\u00eancia \u00fanica para aqueles que buscam autom\u00f3veis que transcendem os padr\u00f5es convencionais. A cria\u00e7\u00e3o do logotipo da Prost,\u00a0 foi um [&hellip;]<\/p>\n","protected":false},"author":1,"featured_media":0,"parent":0,"menu_order":0,"comment_status":"closed","ping_status":"closed","template":"elementor_canvas","meta":{"footnotes":""},"class_list":["post-517","page","type-page","status-publish","hentry"],"_links":{"self":[{"href":"https:\/\/amghs.com.br\/portfolio\/wp-json\/wp\/v2\/pages\/517","targetHints":{"allow":["GET"]}}],"collection":[{"href":"https:\/\/amghs.com.br\/portfolio\/wp-json\/wp\/v2\/pages"}],"about":[{"href":"https:\/\/amghs.com.br\/portfolio\/wp-json\/wp\/v2\/types\/page"}],"author":[{"embeddable":true,"href":"https:\/\/amghs.com.br\/portfolio\/wp-json\/wp\/v2\/users\/1"}],"replies":[{"embeddable":true,"href":"https:\/\/amghs.com.br\/portfolio\/wp-json\/wp\/v2\/comments?post=517"}],"version-history":[{"count":20,"href":"https:\/\/amghs.com.br\/portfolio\/wp-json\/wp\/v2\/pages\/517\/revisions"}],"predecessor-version":[{"id":607,"href":"https:\/\/amghs.com.br\/portfolio\/wp-json\/wp\/v2\/pages\/517\/revisions\/607"}],"wp:attachment":[{"href":"https:\/\/amghs.com.br\/portfolio\/wp-json\/wp\/v2\/media?parent=517"}],"curies":[{"name":"wp","href":"https:\/\/api.w.org\/{rel}","templated":true}]}}